ite?
True
Is 4308517027 a prime number?
True
Is 227286217 a prime number?
False
Is 340006223 a prime number?
True
Is 11787938215 composite?
True
Is 5793971 a composite number?
False
Is 182086403893 a prime number?
False
Is 14224441367 a prime number?
True
Is 3288128317 a prime number?
True
Is 2285859571 prime?
True
Is 12693373481 composite?
True
Is 902099603 composite?
False
Is 10886301817 composite?
False
Is 83670606187 a prime number?
False
Is 598859941 a prime number?
True
Is 113052827 a composite number?
False
Is 209472041 a composite number?
True
Is 1603124447 a composite number?
True
Is 3689895097 prime?
False
Is 22094803721 prime?
True
Is 662821241 composite?
False
Is 69869188139 a prime number?
True
Is 3675527963 composite?
True
Is 904586203 a composite number?
True
Is 28613461057 prime?
True
Is 2096057089 prime?
False
Is 5929442471 a prime number?
True
Is 28266341 a composite number?
False
Is 154224449 prime?
True
Is 827641417 a composite number?
False
Is 3417906533 prime?
True
Is 29565597511 prime?
False
Is 82941413 prime?
False
Is 13392108877 a prime number?
False
Is 16284483949 composite?
True
Is 11956828951 a prime number?
False
Is 51128033 a prime number?
False
Is 123998128949 composite?
False
Is 92178353 composite?
True
Is 605253319 composite?
True
Is 69144419 prime?
True
Is 3532936777 composite?
False
Is 44848727603 a prime number?
True
Is 5844589703 prime?
True
Is 198381637 composite?
True
Is 8165227513 a composite number?
False
Is 703712663257 composite?
False
Is 15031087969 a composite number?
True
Is 22739081401 a prime number?
True
Is 71102387 a composite number?
False
Is 575770619 a prime number?
False
Is 433662133 composite?
True
Is 39704771 prime?
True
Is 351914149 composite?
False
Is 1502477237 a composite number?
False
Is 163354673587 a prime number?
False
Is 255961165 a prime number?
False
Is 42086481539 a composite number?
True
Is 1063782299 composite?
False
Is 117463263493 prime?
True
Is 1373513399 a composite number?
True
Is 2810189609 a composite number?
True
Is 1007472365 a composite number?
True
Is 1623218521 a prime number?
True
Is 2443439239 a prime number?
False
Is 75227098 prime?
False
Is 4359410507 composite?
False
Is 93591342881 a prime number?
True
Is 63875789743 a prime number?
True
Is 2402818289 prime?
True
Is 18903973381 a composite number?
False
Is 10076482837 a composite number?
False
Is 210535841 a composite number?
False
Is 138087226001 composite?
False
Is 677372467 prime?
False
Is 1224040099 a prime number?
True
Is 54845801 a composite number?
True
Is 30433313917 a prime number?
True
Is 1320620591 composite?
False
Is 22082328757 composite?
False
Is 505236223 prime?
True
Is 75897511 composite?
False
Is 71628737645 composite?
True
Is 10712164949 a prime number?
True
Is 9895216297 a composite number?
True
Is 49024523833 prime?
False
Is 5243675413 prime?
False
Is 21842797 prime?
True
Is 457931807 prime?
True
Is 246449345 prime?
False
Is 50025678931 composite?
True
Is 825387697 composite?
False
Is 2074841027 composite?
True
Is 573917615 composite?
True
Is 6814301779 composite?
False
Is 25626447443 composite?
False
Is 113891111 a prime number?
False
Is 187831907 prime?
True
Is 18455479069 a composite number?
True
Is 538886771 composite?
True
Is 6238980353 a composite number?
True
Is 1632582817 prime?
True
Is 103804972877 a prime number?
True
Is 1011387463 a prime number?
True
Is 26258955693 a composite number?
True
Is 2056584917 a composite number?
True
Is 82277305589 a prime number?
True
Is 10138607407 a composite number?
True
Is 2751299041 a prime number?
True
Is 468283135 a prime number?
False
Is 58314535991 a composite number?
True
Is 3759505531 a composite number?
False
Is 1685687681 a prime number?
True
Is 107847479 a composite number?
False
Is 2519395237 composite?
False
Is 1725971503 a prime number?
False
Is 107262241 prime?
True
Is 37710002849 a prime number?
True
Is 67355284471 composite?
False
Is 86705999 a prime number?
True
Is 44892251 a prime number?
False
Is 21521063033 composite?
True
Is 3397395401 a composite number?
True
Is 4468187323 composite?
False
Is 16280152653 prime?
False
Is 9620934913 a composite number?
True
Is 408562549 a prime number?
True
Is 10945928021 prime?
False
Is 2568601114 composite?
True
Is 19370222419 a composite number?
True
Is 68082570307 a prime number?
False
Is 24091785035 a prime number?
False
Is 8240851469 a prime number?
True
Is 12936858991 a composite number?
True
Is 66212863 prime?
True
Is 21635626029 prime?
False
Is 17221294019 a composite number?
True
Is 608142881 composite?
True
Is 23457397217 a prime number?
True
Is 398515597 composite?
True
Is 5185704949 a composite number?
True
Is 74832541 prime?
False
Is 12435505531 a prime number?
False
Is 2709539614 composite?
True
Is 1112594127 prime?
False
Is 26609707 composite?
True
Is 323397539007 a composite number?
True
Is 4059642217 a composite number?
False
Is 471494489 composite?
True
Is 250620427 a composite number?
True
Is 625208489 a prime number?
True
Is 1014348883 a composite number?
False
Is 262582571 composite?
False
Is 13227948317 a composite number?
True
Is 1310687531 prime?
True
Is 2110016119 a prime number?
False
Is 7381726189 composite?
True
Is 23480006353 a composite number?
False
Is 4342769177 prime?
True
Is 1975117057 a prime number?
False
Is 10583635453 a prime number?
True
Is 262505207 prime?
False
Is 5412642773 a composite number?
False
Is 1487199691 a composite number?
False
Is 85753627579 composite?
True
Is 940783301 a composite number?
True
Is 24664805387 prime?
True
Is 58146634111 composite?
False
Is 53677649 a composite number?
False
Is 3222524729 a composite number?
True
Is 410328673 a prime number?
False
Is 12929747683 composite?
False
Is 757906343 a composite number?
False
Is 83312051 a composite number?
False
Is 175602467809 prime?
True
Is 135016711 prime?
False
Is 1008899537 composite?
False
Is 8739003029 composite?
False
Is 289091937 composite?
True
Is 44497929323 composite?
False
Is 114287619089 composite?
True
Is 218564887 a composite number?
False
Is 8607124213 prime?
False
Is 1747016233 a prime number?
False
Is 44904003331 a prime number?
False
Is 12388180907 a composite number?
False
Is 1031323759 a composite number?
False
Is 43250827 composite?
False
Is 56908349627 prime?
False
Is 893179421 prime?
True
Is 11161895597 composite?
True
Is 8914498739 a composite number?
False
Is 5234926903 a composite number?
True
Is 88071613549 a composite number?
True
Is 3598346539 composite?
True
Is 659499011 composite?
True
Is 973212601 prime?
True
Is 1646133269 a composite number?
True
Is 3893449613 composite?
True
Is 546305257 a composite number?
False
Is 29400581569 a composite number?
False
Is 633743016613 prime?
False
Is 2780890423 a prime number?
True
Is 6205510313 prime?
False
Is 93481489 prime?
False
Is 2223178777 a prime number?
True
Is 195360709 composite?
False
Is 180336972047 composite?
False
Is 2296973473 a composite number?
True
Is 303868969 composite?
False
Is 3195175657 prime?
False
Is 1766046677 prime?
True
Is 10926538387 prime?
False
Is 1279729623 a prime number?
False
Is 20301856563 composite?
True
Is 11840108621 composite?
True
Is 1799964293 a prime number?
True
Is 429238379 a prime number?
True
Is 446957339 prime?
False
Is 717945749 composite?
False
Is 92118797 a composite number?
False
Is 1055951837 composite?
False
Is 33253151271 prime?
False
Is 5900807779 a prime number?
False
Is 1499074373 prime?
True
Is 263670207 prime?
False
Is 1367700553 a composite number?
False
Is 555430849 a prime number?
True
Is 52096867309 a prime number?
False
Is 137568817 composite?
True
Is 674190151 composite?
True
Is 101434312313 a composite number?
False
Is 12855964541 prime?
False
Is 5042831447 a composite number?
True
Is 2161284287 a prime number?
True
Is 155705742133 a composite number?
False
Is 450619469 composite?
True
Is 2615821205 a composite number?
True
Is 11484425233 composite?
False
Is 3714225202 prime?
False
Is 3413089037 a composite number?
False
Is 25208831 a prime number?
False
Is 716493077 a composite number?
False
Is 10413966337 a composite number?
False
Is 1277317861 composite?
True
Is 7751699785 prime?
False
Is 5718277423 a prime number?
True
Is 1834355333 a 